) = 159*z**2 - 12*z + 14. Is w(l) a composite number?
False
Let x(f) = -f**3 + 8*f**2 + 19*f - 19. Let l be x(7). Suppose 161*w - l*w + 23554 = 0. Is w a composite number?
False
Suppose 0*w - 27 = -9*w. Suppose f + w*g - 11212 = 0, -2*g - 22389 = -2*f - g. Is f a composite number?
False
Let j(r) = -642*r + 12823. Is j(-62) composite?
False
Suppose 1416*y - 1256963 = 1399*y. Is y composite?
False
Let s(z) = z**2 + 5*z - 3. Let b = -40 + 34. Let c be s(b). Suppose 121 = c*l + 4*y, -3*l + 2*y = 2*l - 219. Is l a composite number?
False
Let r(q) = 4*q**2 - 31*q - 2. Let a be r(8). Let l(u) = 4390*u - 7. Is l(a) prime?
False
Let w(p) = p**3 - 11*p**2 + 10*p - 1. Let o be w(10). Let y be 13 + o + 4/(-4) + 3. Is 1147 + 2 + y/7 a composite number?
False
Suppose -4*u + 539083 + 625208 = b, -582145 = -2*u - b. Is u a prime number?
False
Let t(c) be the second derivative of 190*c**3/3 + 99*c**2/2 - 81*c - 2. Is t(13) composite?
False
Suppose -9243 - 46028 = -19*a. Let q = a + -280. Is q composite?
True
Suppose -4*f = 5*u - 92377, -316*u - 69283 = -3*f - 320*u. Is f prime?
False
Let k = -398 + 267. Is (k/3)/(1/6*-2) composite?
False
Let r = 68175 + 178352. Is r prime?
True
Let v = 2993 + 9206. Is v prime?
False
Let q(t) be the second derivative of -13/2*t**2 + 0 - 10*t + 12*t**3. Is q(8) a prime number?
True
Suppose 14*a - 14905309 = -1244151. Is a prime?
True
Let s be -18*(-6)/16*12. Let c = 197 + -169. Let b = s - c. Is b prime?
True
Let b(x) = 105*x + 3. Let g be b(3). Suppose 12 = -3*z + 3*n, -5*n + 23 = -4*z + 9. Is ((-21)/(-6) + z/2)*g a composite number?
True
Let v be (-96)/(-30) + -3 + (-18)/(-10). Suppose 15752 = 4*r - v*k, -2 = 13*k - 12*k. Is r composite?
True
Let s(h) be the second derivative of 5*h**5/4 - h**4/12 - h**3 - h**2/2 + 9*h - 17. Is s(3) composite?
False
Let g(z) = 112*z**2 + 4*z + 5. Let p = 30 + -26. Let r be g(p). Suppose -543 + r = 5*y. Is y a composite number?
True
Let f = 219395 + -89258. Suppose 15*s - 18*s + f = 0. Is s prime?
False
Suppose 0 = u + 3*f, 0 = 37*f - 33*f. Suppose u = 4*s - 4*p + 5*p - 32039, 0 = -4*p + 12. Is s composite?
False
Let d be (-216)/(-24) - 2*3. Suppose d*c + 14083 = 42292. Is c a composite number?
False
Let s(w) = -39*w - 85 + 56 + 291*w + 16*w. Is s(10) a composite number?
True
Suppose 268*q - 17110064 = 252*q. Is q a composite number?
False
Is ((-83646562)/357 + (-8)/14)/(2/(-3)) prime?
True
Let u(i) = i**3 + 9*i**2 + 19*i - 1. Let l be u(-4). Suppose -6*n = -l*w + 13251, -22033 = -5*w - 0*n - 3*n. Is w prime?
True
Let n(y) = -y**2 - 2*y - 7. Let v be n(-2). Is -1 - 5 - 38087/v prime?
False
Suppose -141*o + 3831725 = -732304. Is o composite?
False
Suppose 0 = 42*a - 44*a - 36. Is (-9786)/(-9) - (48/a - -3) a composite number?
False
Is 2936916/14 + 12/42 + (2 - -7) a composite number?
False
Suppose 126117 = 10*b - 107873. Is b a composite number?
False
Is (-54185)/3*(-1971)/1095 a prime number?
False
Suppose -3*b = 2*r - 3129202 + 1107204, 3*b + 3032967 = 3*r. Is r composite?
False
Suppose -5*r + 173085 = -3*y - 234443, -2*r - y + 163009 = 0. Is r a composite number?
True
Suppose 24*r + 1071442 = 4*m + 23*r, 2*r = 2*m - 535730. Is m prime?
False
Let t = -71 + 78. Suppose i - t = 4*c + 4*i, 0 = 4*c - 4*i. Let r(j) = -83*j**3 - 2*j**2 - 2*j - 1. Is r(c) prime?
False
Let a = 44914 - -7443. Is a a prime number?
False
Let c(f) = f**3 - 8*f**2 - 8*f - 10. Let z be c(8). Let k = 74 + z. Suppose s = -3 + 6, k = 3*b - s - 6156. Is b composite?
False
Let h(c) = -2*c**3 + 7*c**2 + 8*c**3 - c**3 + 2*c + 1. Suppose 5*m + 24 = 4*y, 6 = 2*y - y - 4*m. Is h(y) composite?
True
Let o = 11979 + 68722. Is o a composite number?
False
Let h = -264 + 138. Let l be 13 + h + 0/2. Let o = 566 - l. Is o a prime number?
False
Let j(g) = 244*g**2 - 9*g + 64. Let v = -495 + 500. Is j(v) composite?
True
Suppose 0 = 4*i - 505 - 363. Suppose -12*c = -i - 7259. Is c prime?
False
Let t = -62 + -267. Let y = t + 882. Is y prime?
False
Let f be ((-8)/14 - 75/(-21))*-1. Let r be (-10)/f*-5*405/(-10). Let d = r + -464. Is d a prime number?
True
Suppose 0*v - 5*h - 5 = -5*v, 5*h - 5 = 0. Suppose 0 = -4*r, 494 = v*k + r - 1044. Is k prime?
True
Suppose -27 = -3*o + 3*k, -5*k + 9 - 24 = o. Let q(v) = 142*v + 33. Is q(o) a prime number?
True
Suppose -39*c + 7445472 = 57*c. Is c composite?
False
Let v = 55 + -50. Let d(l) = 14*l**2 - 51*l - 6. Is d(v) prime?
True
Let a be 5 - 7 - (-2)/(1/1). Suppose a = 5*z - 4*b - 683, -407 = z - 4*z + b. Let c = z - -452. Is c a composite number?
False
Let q = 64 + -59. Suppose q*a + 134 = -121. Let v = 140 + a. Is v prime?
True
Suppose s - 33*h - 273775 = -28*h, -3*s + 821253 = 3*h. Is s prime?
False
Let o(r) = -52*r**2 - 15*r + 40. Let y be o(8). Let v = y + 5929. Is v a prime number?
True
Let r = 34 - 28. Suppose p = -4*x - 1, 4*x - 38 = -4*p - r. Suppose -p*n + 5190 = -5*n. Is n prime?
False
Suppose -5*v = 3*l - 217293, 3*l = -7*v + 11*v + 217239. Is l prime?
True
Suppose 3 = 2*r + h + 2, 0 = 3*r + 5*h + 16. Suppose -r*m + 4 = 1. Suppose t - 379 = -i - m, 3*t + 3 = 0. Is i a composite number?
False
Let g = 1381 + -2448. Let a = g + 2986. Is a composite?
True
Let i be -2*-2*2/4. Suppose 8 = -5*p - 7, i*p + 7861 = 5*f. Is f composite?
False
Suppose 5*n - 46 = -31, 3*n - 60310 = -z. Is z a composite number?
True
Let v(u) = -257*u**3 - 3*u**2 - 4*u - 2. Let k be v(-1). Let l = k + 2150. Suppose p = 3*y - 4*p - l, -4*y - 2*p = -3182. Is y a prime number?
True
Let z(s) be the first derivative of 525*s**2 - 4*s - 1. Let c be z(2). Suppose -a = v - c, -v + 0*a + 2093 = 2*a. Is v prime?
True
Let w(t) = -2*t - 9. Let h be w(-5). Is (h*(-30)/18)/((-2)/2634) a composite number?
True
Let u be ((-48)/15 - -2)/(82/8815). Let t = -232 + 354. Let a = t - u. Is a a composite number?
False
Let o = 5683 + -1122. Is o prime?
True
Suppose -978655 - 770464 = -44*t + 1245. Is t a composite number?
True
Let j = -655 + 1197. Let l = 3704 + -2245. Let q = l - j. Is q composite?
True
Let r = -6026 + 3466. Let h = 817 - r. Is h prime?
False
Let c(v) = 498*v**2 + 5. Let w = 293 - 296. Is c(w) composite?
True
Let j be (-14)/(-6)*(-387 - 0). Let z = j + 10568. Is z prime?
False
Let t = 621 - 577. Suppose 0 = -t*h + 80*h - 217548. Is h a composite number?
False
Let z = -6314 + 17991. Is z a composite number?
False
Let r(d) = 2*d - 2. Let b(w) = -127*w - 55. Let v(p) = -b(p) + 6*r(p). Is v(6) a composite number?
False
Let i(f) be the first derivative of 223*f**5/60 + 5*f**4/8 - 2*f**3/3 - f**2 - 16. Let l(c) be the third derivative of i(c). Is l(5) composite?
True
Suppose -4*n + 1170610 = 4*m - 160430, -m + 998266 = 3*n. Is n prime?
False
Suppose 5*m - 20 = -110. Let s be (-2 - (0 - 57))*m/(-15). Suppose -2*x = -100 - s. Is x a composite number?
False
Suppose -88*k = -77*k - 901626. Suppose 0 = -8*g + 2*g + k. Is g prime?
False
Suppose -4*c - 5*u = -9*u - 421728, -2*c + 4*u = -210874. Is c a composite number?
True
Suppose 269 = g - u, 4*g = u + 1052 + 36. Suppose -37*m + 33*m - 496 = 0. Let c = g + m. Is c a prime number?
True
Let f be (2 - 5/(-2))*(-1056)/(-18). Suppose -272*v + f*v + 1688 = 0. Is v a composite number?
False
Is (-235)/(-470) - 293001/(-2) a prime number?
False
Let r be (-200)/16*4/5. Let u be (36/r)/(((-45)/250)/3). Suppose 0 = 3*c + u - 507. Is c prime?
True
Suppose -c + 4*y + 12 + 13 = 0, 30 = 5*c - y. Suppose 5*r = 3*q + 13530 + 23858, c*r - 20 = 0. Is (-6)/39 + q/(-13) a prime number?
False
Suppose 0 = -45*q + 48*q - 3465. Suppose -4*f = 3*i + 1732, 0*i - 3*f - q = 2*i. Is (i - -1)/(-5) - 4 composite?
True
Let u = -41 + 44. Suppose 5*p = 3*q + 10780, 2*p - u*p - 4*q + 2179 = 0. Is p a composite number?
True
Let t = 210 - 200. Suppose 762 = 16*i - t*i. Is i a composite number?
False
Let i be (-15)/(-5) + 9 - -5. Suppose 10*j + 8057 = i*j. Is j composite?
False
Let h(w) = 54717*w**2 - 20*w + 18. Let z be h(1). Suppose -z - 4792 = -7*u. Is u a composite number?
False
Let o = 985 + -699. Let j = o + -67. Let m = j + 116. Is m prime?
False
Suppose -27*g + 40*g - 10000549 = 0. Is g prime?
True
Let y(l) = 7106*l**2 - 40*l + 233. Is y(8) a composite number?
True
Let k = 464445 - -193136. Is k prime?
True
Let v be ((-14)/12)/(19/(-114)). Is (-8 - -18 - v)/((-6)/(-5482)) a prime number?
True
Suppose 5*m = t - 31, -2*